= -7*z + 4. Calculate the remainder when h(-6) is divided by 24.
22
Let s(a) = -a**3 + 6*a**2 - 3*a + 6. Let p be (51/6 - 1)*-2. Let j = -11 - p. What is the remainder when s(j) is divided by 9?
8
Let q(t) = 15*t**3 - 14*t**2 - 14*t + 1. Let y(n) = 7*n**3 - 7*n**2 - 7*n + 1. Let f(a) = -6*q(a) + 13*y(a). Calculate the remainder when 43 is divided by f(8).
13
Suppose 4*r = -2*m + 440, r - 5*m - 110 = -2*m. Suppose 2*u = -5*j + r, 55 = 5*j - 3*u - 55. Calculate the remainder when 43 is divided by j.
21
Let p(s) = s + 10. Suppose 2*f - 8 = 2*x, -2*x = 5*f - 26 - 15. Let d(o) = 4*o + 3. Calculate the remainder when d(7) is divided by p(f).
14
Let p(t) = -3*t - 10. Calculate the remainder when 8 is divided by p(-5).
3
Let t = 15 - 10. What is the remainder when 8 + (-2 - -4) + -2 is divided by t?
3
Suppose 0 = 3*k - 8*k + 15. Calculate the remainder when (-12)/(-5)*50/15 is divided by k.
2
Let x be (1/1)/(2/4). Suppose -16 = -6*o + x*o. What is the remainder when o is divided by 3?
1
Let n(d) = -5*d + 1. Let z(o) = -3*o. Let k(t) = 4*n(t) - 7*z(t). What is the remainder when k(11) is divided by 4?
3
Let g(x) = 9*x - 1. Calculate the remainder when g(4) is divided by 18.
17
Let g = -8 + 3. Let a(t) = t**2 + t + 5. Suppose -o + 5*b = 1, 0 = -2*o + 3*b + 15 - 3. Calculate the remainder when a(g) is divided by o.
7
Suppose f - 5*f = 0. Suppose -148 = -4*z - 5*d, 3*d = -5*z - f*d + 185. Calculate the remainder when z is divided by 13.
11
Let v(h) = -2*h - 40. What is the remainder when v(-22) is divided by 3?
1
Let w be (-3 + (-3 - -5))*5. Let k(v) = 2*v**2 + 7*v - 1. Calculate the remainder when 39 is divided by k(w).
11
Suppose 2*f + 0*d = d + 22, -5*d = 5*f - 55. Suppose 5*g = 2*s + 92, -5*g - 2*s - s + 112 = 0. Calculate the remainder when g is divided by f.
9
Let w(d) = d + 1. Suppose 0 = 2*s + 3*s - 15. Calculate the remainder when w(s) is divided by 2.
0
Suppose 2*v = 16 + 100. What is the remainder when v is divided by ((-60)/8)/((-1)/2)?
13
Suppose -123 + 11 = -4*o. Let c = o + -13. Suppose -5*z + 96 = 2*y, 10 = 4*z + z. What is the remainder when y is divided by c?
13
Suppose 3*x = 2*x + 31. Suppose -20 = -2*f + 70. Suppose p + f = 4*p + 3*t, p - 3*t + 1 = 0. Calculate the remainder when x is divided by p.
9
Suppose -4*k + 21 = w, 3*k - 5*k = -4*w + 30. What is the remainder when 35 is divided by w?
8
Suppose 2*q - 45 = -3*q. Calculate the remainder when 15 + 2 + 0/(-1) is divided by q.
8
Suppose 3*q = x + 53, -2*q + 102 + 50 = -3*x. What is the remainder when 72 is divided by (x/(-15))/((-2)/(-15))?
22
Let v(r) = r**2 + 3*r + 5. Let y be v(-7). Suppose 37 = 5*l - 2*d - 15, 3*l - 3*d - y = 0. What is the remainder when 29 is divided by l?
9
Let d = 244 - 227. Suppose -5*j + y = -248, 239 = -3*j + 8*j + 2*y. Calculate the remainder when j is divided by d.
15
Suppose 5*q - 336 = 24. Suppose 2*l - 36 = -2*w, -4*l - q = -w - 3*w. Calculate the remainder when w is divided by 10.
8
Suppose -3*u + 3*o - 2*o + 239 = 0, 3*u + 5*o - 263 = 0. What is the remainder when u is divided by 6?
3
Let z(k) = k - 9. Let v be z(14). Suppose 4*g = 2*g - 4, -4*g + 17 = v*y. Calculate the remainder when 19 is divided by y.
4
Suppose 158 = 2*y - 4*q, 3*q - 247 = -3*y + 7*q. Calculate the remainder when y is divided by 5 + -6 - (-16 + 0).
14
Suppose 0*i + 244 = 5*i + 2*m, i - 3*m = 42. What is the remainder when i is divided by 10?
8
Suppose -c = m - 23, -4*c + 11*m = 10*m - 82. What is the remainder when 57 is divided by c?
15
Let u(y) = y**3 + 11*y**2 - 2*y - 11. What is the remainder when 42 is divided by u(-11)?
9
What is the remainder when 9 is divided by -2 + (6 - 1) + -1?
1
Let i = 71 - 37. Suppose -5*k = i - 99. Calculate the remainder when 51 is divided by k.
12
Let j = -29 + 13. Let g = j + 34. What is the remainder when g is divided by 5?
3
Let s be 6/(-4)*-4 + -1. Let y(j) = 12*j - 7. Suppose 3*a + 18 = 4*a. Calculate the remainder when y(s) is divided by a.
17
Suppose 23 = -0*j + j. Suppose o - 1 = 1. Calculate the remainder when j is divided by 2/(-4)*(o - 26).
11
Suppose -33 = -0*a - 3*a. Calculate the remainder when (-2)/(4/(-86)) - 0 is divided by a.
10
Let j(o) = -o - 4 + 3 + 2. Let h be j(4). Calculate the remainder when (h - -5)/((-2)/(-23)) is divided by 12.
11
Let y = 9 + -7. Suppose y*j + 188 = 6*j. Calculate the remainder when j is divided by 16.
15
Let s = -20 + 43. What is the remainder when 44 is divided by s?
21
Suppose 5*o - 78 = -4*r, 3*o + o = -r + 14. Calculate the remainder when r is divided by 6.
4
Let m = 25 - 18. What is the remainder when 25 is divided by m?
4
Suppose 6*c = 2*c + 220. Calculate the remainder when (132/c)/(3/70) is divided by 19.
18
Let g = -129 - -144. What is the remainder when 20 is divided by g?
5
Let r be ((-2)/(-7))/((-6)/(-42)). Let x = 5 - r. Suppose 60 = x*c + 2*c. What is the remainder when c is divided by 7?
5
Let x(n) be the third derivative of 7*n**6/120 - n**5/30 - n**2. What is the remainder when x(2) is divided by 17?
14
Suppose 2*v - 2*f + 15 = 3*v, 0 = -5*v - 2*f + 35. Calculate the remainder when 17 is divided by v.
2
Let f(h) = h**3 + 8*h**2 + 6*h - 3. Let c be f(-7). Suppose -4*g = -g, -c*g - 22 = -2*v. Calculate the remainder when 21 is divided by v.
10
Suppose 4*y + 93 = -5*j, 3*y + 34 + 41 = -2*j. Let r = -20 - y. What is the remainder when 25 is divided by r?
4
Suppose 2*h = -3*q + 5, 5*h + 4*q - 4 = h. Let g be h/((12/105)/(-2)). Let c = -23 + g. Calculate the remainder when c is divided by 7.
5
Let m be -2 - -15 - (-6)/3. Suppose -3*x - q = -43, x - 3*q - m = -4*q. What is the remainder when 27 is divided by x?
13
Suppose h = -2 + 16. What is the remainder when 38 is divided by h?
10
Let i(n) = -3*n + 10. Let x(t) = -13*t + 40. Let s(v) = 9*i(v) - 2*x(v). Calculate the remainder when 10 is divided by s(6).
2
Calculate the remainder when (7/4)/((-11)/(-264)) is divided by 9.
6
Suppose 4*k + 4*b - 125 = k, -k - 4*b + 55 = 0. Let g = k - -5. What is the remainder when g is divided by 21?
19
Let n = -38 - -70. Suppose -59 - 25 = -5*w - 4*h, n = 2*w + 2*h. Calculate the remainder when w is divided by 7.
6
Let w be (-90)/27*(-3)/2. Suppose -83 = -5*f + 3*a, w*a - 21 = -2*f + 6. Calculate the remainder when 46 is divided by f.
14
Suppose -5*j + 71 = -4*j. What is the remainder when j is divided by 19?
14
Let l = 57 - 42. What is the remainder when 29 is divided by l?
14
Let z = 71 + -45. What is the remainder when 45 is divided by z?
19
What is the remainder when (-20)/170 + (-7350)/(-51) is divided by 37?
33
Suppose -2*i + p + 5 = 0, 4*p + 6 + 5 = 5*i. Suppose -2*c - x - 2*x + 11 = 0, x + 11 = i*c. Calculate the remainder when (0 + 20)/(2/c) is divided by 14.
12
Let m(t) = -t**3 - 11*t**2 + t + 14. Let f be m(-11). Suppose -4*q = 4*c - 48, -4*c = -2*q + f*q. What is the remainder when q is divided by 9?
7
Suppose 2*w - 4*k = -10, -w + 4*k = -2*w + 19. What is the remainder when w is divided by 1?
0
Let g be (-1)/(1/4) - -2. Let j be (g + 4)*(-6)/(-4). Suppose 2*s - 3*s + i + 22 = 0, 0 = j*i + 15. What is the remainder when s is divided by 9?
8
Let j = 6 + 13. What is the remainder when j is divided by 10?
9
Suppose -4*k + 64 = 4*q, 5*k + 0*q + q - 76 = 0. Suppose 142 + 86 = 4*u. What is the remainder when u is divided by k?
12
Let o be (-4)/14 + 344/28. Suppose 3*r - 3*n - 9 = 7*r, -4*r + 4*n + o = 0. Suppose 0*y + y - 5 = r. What is the remainder when y is divided by 3?
2
Let b(i) = -29*i + 261. Let p(n) = -2*n**3 + n**2 - 2. Let c be p(-2). Suppose -c + 2 = -2*q. Calculate the remainder when b(8) is divided by q.
5
Let h(q) = q**3 + 10*q**2 - 3*q - 6. Let l be h(-10). Suppose 0*f + l = f. Calculate the remainder when f is divided by 5.
4
Suppose 6 = -5*d - 0*d - 4*h, -d + 4*h = -18. Suppose -1 = -b + d. Let o(x) = -x**2 + 4*x + 4. Calculate the remainder when 18 is divided by o(b).
4
Let f(g) = g**3 + 8*g**2 + 7*g + 6. What is the remainder when f(-5) is divided by 12?
10
Let t = -22 - -26. Calculate the remainder when 6 is divided by t.
2
Let z be 3/(-4) - (-6)/8. Suppose z = -x - 2*x + 117. Calculate the remainder when x is divided by 14.
11
Let q = -244 - -543. Suppose 4*u - q = 133. Suppose 4*d - 4*w = u, -d + 3*w = d - 59. What is the remainder when d is divided by 12?
10
Let n = -19 